7 + -7048. What are the prime factors of z?
61, 109
Let b be (32/12)/(6/(-423)). Let c = b + 564. List the prime factors of c.
2, 47
Let l be 10479/14 + (-3 + 1)/(-4). Let p = l + 749. What are the prime factors of p?
2, 7, 107
Let q be (1*-10)/(2/7). Let g = 40 + q. List the prime factors of (-2)/g - (-9408)/70.
2, 67
Suppose 3*v - 4 = 2*v. Suppose 0 = -a - g + 3*g - 4, -18 = -3*a - v*g. Suppose 0 = 4*q + a*o - 300, -5*q - 2*o = 2*o - 372. What are the prime factors of q?
2, 19
Suppose -2*i + 179 + 469 = 0. Let m = i + -253. List the prime factors of m.
71
Suppose 5*f = -5*l + 45, -3*l - 3*f + 37 = 2*l. Suppose -m - l*v - 69 = -844, -2*m + 3*v = -1576. List the prime factors of m.
5, 157
Suppose 5*y + 3*a = 37098, -3*a = -3*y - y + 29673. What are the prime factors of y?
3, 2473
Let f(y) = -y**3 - 10*y**2 - 8*y + 9. Let x be f(-9). Suppose x = 15*g - 13*g - 6. Suppose 0*k - 204 = -2*k + 4*z, 0 = g*z. List the prime factors of k.
2, 3, 17
Let g = 415 - 628. Let p = 1194 - g. What are the prime factors of p?
3, 7, 67
Suppose 54*s + 16320 = 210180. List the prime factors of s.
2, 5, 359
List the prime factors of 11080/((-8)/80*-10).
2, 5, 277
List the prime factors of (-2)/9 + 7323106/909.
2, 19, 53
Suppose 3*v + 184824 = 5*l, 54 - 44 = 5*v. List the prime factors of l.
2, 3, 61, 101
Suppose 0*q - 2*q = -10, 0 = -u - 4*q + 32. Suppose u*p = -857 + 16121. What are the prime factors of p?
2, 3, 53
Let m = 14302 + -9770. List the prime factors of m.
2, 11, 103
Suppose -5*z = -f - 874 - 1500, -16 = 4*f. List the prime factors of z.
2, 3, 79
Suppose 5*z = -5*u + 22 + 3, 4*z = 4*u - 52. Suppose r - u*r - 40 = 0. List the prime factors of ((-6)/r)/((-9)/(-585)).
2, 3, 13
Suppose 2*k - 2278 = k + p, 3*k - 2*p = 6835. Let y = k + -1274. What are the prime factors of y/3*((-16)/(-10) - 1)?
3, 67
Let f = 4126 - 1299. List the prime factors of f.
11, 257
What are the prime factors of (4 + 4)/(15/(-29060)*8/(-3))?
2, 1453
What are the prime factors of 124864/21 - (12 + 762/(-63))?
2, 3, 991
Suppose 2*l - 13303 = -5*f - 1100, 5*f + 5*l - 12215 = 0. List the prime factors of f.
3, 271
Let k(q) = -617*q - 3851. List the prime factors of k(-26).
73, 167
Let n = 31129 + -3816. What are the prime factors of n?
11, 13, 191
Suppose 2*s - 4*i + 5*i = 27, -s + 12 = 2*i. List the prime factors of ((-334)/3)/(5*s/(-315)).
3, 167
Suppose 12*d - 210 + 102 = 0. What are the prime factors of ((-3)/d*-86)/((-7)/(-21))?
2, 43
Suppose 0 = -7*r + 4*r - 27, r + 117425 = 2*s. List the prime factors of s.
2, 13, 1129
Let n be 170*10/12 - 4/6. Let o = -67 + n. List the prime factors of o.
2, 37
Let g(l) = 375*l + 2. Let r be g(6). Suppose -15*t + 39 + 36 = 0. List the prime factors of 2/t + (r/20 - 0).
113
Suppose -4*m - 1390 - 298 = -4*n, -2102 = 5*m + 3*n. Let y = -256 - m. List the prime factors of y.
3, 5, 11
Suppose -51*d = -48*d - 9. What are the prime factors of 32/d*(-5)/((-80)/108)?
2, 3
Let x(r) = 7523*r**2 - 22*r - 41. List the prime factors of x(-2).
5, 13, 463
Suppose 8*r = 7*r + 2. Suppose 3 - 19 = -r*q. What are the prime factors of 28/q*14*(0 - -1)?
7
Let s(k) = -6*k + 55. Let m be s(7). Suppose -m*w + 7770 = 2947. What are the prime factors of w?
7, 53
Suppose -l - 20 = 2*n, 0 = 5*l - l - n + 89. Let k = 31 + l. Suppose y = k + 60. List the prime factors of y.
3, 23
Suppose 64*v = v + 186858. List the prime factors of v.
2, 1483
Let z(n) = -495*n + 1099. What are the prime factors of z(-15)?
2, 2131
Suppose 2259 = 371*m - 368*m. Suppose -s - a = -251, 3*s - a - m = -6*a. What are the prime factors of s?
251
Let w = 28842 - 17826. What are the prime factors of w?
2, 3, 17
Let f(a) = 4*a**2 + 87*a - 23. Let l be f(-22). List the prime factors of 34244/28 - l/((-2)/4).
3, 11, 37
Let y(f) = f**3 + 64*f**2 + 57*f - 533. List the prime factors of y(-61).
23, 311
Let m(j) = 8*j - 3*j**2 + 6 + 2*j**2 + 9. Let t be m(8). Let i = 14 + t. List the prime factors of i.
29
Suppose -10734 = -6*x + 3*x + 5*o, x + 4*o - 3578 = 0. Suppose -841 = -9*u + x. List the prime factors of u.
491
Suppose -5*w = 5, 2*p - 5*w - 124 = 95. Let y be (-1)/(18/(-17) + 1). Let k = y + p. What are the prime factors of k?
2, 31
Let y(p) = p**2 - 8*p + 11. Let o(v) = -10*v - 3. Let h be o(-1). Let a be y(h). Suppose -5*c - 55 = -5*u, -4 = 3*u - a*c - 39. What are the prime factors of u?
3
Let k(r) = -3*r + 3*r - 3*r + 2 + 6. Let i be k(-19). Suppose -4*h + 603 = -i. List the prime factors of h.
167
Let p be 122/(-32 - -34 - (-8)/(-3)). List the prime factors of p/(-6)*(-22)/(-1).
11, 61
Let l = -3746 - -6895. List the prime factors of l.
47, 67
List the prime factors of 8/(10 + 408/(-36)) - (-5598 + 0).
2, 3, 233
Let m be 62866/187 - -1*(-4)/22. Let y = 368 - m. What are the prime factors of y?
2
Let l = 67 + -62. Suppose -l*t + 257 = -2953. List the prime factors of t.
2, 3, 107
Let q = -80139 - -122925. List the prime factors of q.
2, 3, 2377
What are the prime factors of 22827 - (-4 - (-8 + -6)) - (2 - -2)?
7, 3259
Let q be 0 + (-5)/(-15) + 1/(-3). Suppose -12*s + 15*s - 183 = q. List the prime factors of s.
61
Let k(i) = 1906*i - 1563. List the prime factors of k(10).
17497
Let n(c) be the second derivative of -c**4/12 + 8*c**3/3 - 43*c**2/2 + 32*c. Let j be n(12). Suppose 12*g = j*g + 448. List the prime factors of g.
2
Suppose -4*g + 2 = 3*l, 7 - 1 = 3*g. List the prime factors of (-13248)/32*((-7)/l)/(-1).
3, 7, 23
Suppose -g + 5*l = -11375, 38*g - 3*l - 11381 = 37*g. List the prime factors of g.
2, 5, 17, 67
Let j(z) = 1143*z + 5705. What are the prime factors of j(12)?
19421
Let q(n) = -232*n**3 - 13*n**2 - 4*n + 48. List the prime factors of q(-2).
2, 3, 5, 31
Suppose 57*o - 65*o = -2176. Let a = o - -44. List the prime factors of a.
2, 79
Suppose -93*i + 812700 = 42*i. List the prime factors of i.
2, 5, 7, 43
Let z(n) = 16*n**3 - 75*n**2 + 10*n + 22. Let i(a) = 3*a**3 - 15*a**2 + 2*a + 4. Let t(v) = -11*i(v) + 2*z(v). List the prime factors of t(9).
2, 3, 13
Let p = 6875 + -5729. List the prime factors of p.
2, 3, 191
Let o(j) = -13*j - 8. Let u be o(17). List the prime factors of (4 + -5)*(4 + u).
3, 5
Let n(u) = 7*u + 62. Let b be n(-15). Let x = 27 - b. List the prime factors of x.
2, 5, 7
Suppose -10*i - 62*i = 200*i - 1296624. List the prime factors of i.
3, 7, 227
Let s(p) be the first derivative of p**4/4 - p**3 + 6*p - 8. Let d be s(2). What are the prime factors of (-1)/d - (269/(-2) + 2)?
2, 3, 11
List the prime factors of (-8)/(-20)*-1 - (-26125578)/670.
38993
Suppose 0 = 5*q + 6*n - 26603, 3*q - 9684 = -3*n + 6279. List the prime factors of q.
5323
Let o = -691 - -689. List the prime factors of 5/o - (3 - 8043/6).
3, 5, 89
Suppose 8*y - 4*y = 336. Suppose -4*t - y = -8*t. Suppose -u + 6*u = 2*j - t, -u + 15 = 2*j. List the prime factors of j.
2
Suppose -16*o + 207117 = -229363. What are the prime factors of o?
2, 5, 11, 31
Suppose 0 = 6*d - 261 - 231. Let s = d - -180. What are the prime factors of s?
2, 131
Suppose -8580 = -951*n + 947*n. Let j = n - 1273. What are the prime factors of j?
2, 109
Let l be (2 - -2)*5/4. Suppose -15 = -5*z, l*o - 4*z = -2*z + 899. List the prime factors of o.
181
Suppose 6*g = 17*g + 1177. Let q = 286 + g. What are the prime factors of q?
179
Let u be 12/10*30/18. Suppose 2*h - 5 = f, -h = f + u*h - 15. Suppose f*z - 287 = -38. List the prime factors of z.
83
List the prime factors of -50*515/10*(-36)/60.
3, 5, 103
Let n(g) = 1355*g**2 + 91*g + 355. What are the prime factors of n(-5)?
5, 7, 193
Let o = 149 + -90. Suppose o*j = 60*j - 308. List the prime factors of j.
2, 7, 11
Suppose 3*y - 40320 = -5*z, -y - 2*z = 1577 - 15018. List the prime factors of y.
5, 2687
Suppose -15 = 3*a, a = 3*p - 4*a - 26689. List the prime factors of p.
2, 11, 101
List the prime factors of ((-129690)/(-450))/(1 + 9/(-10)).
2, 11, 131
Suppose -4*k + 16 = -5*r, 2*r - 4*k + 1 = -15. Suppose 5*j = -r*j + 5*g + 1680, -3*j + 1004 = -5*g. List the prime factors of j.
2, 13
Let v(k) = -2*k**3 + 4*k**2 - 7*k + 3. Let d be v(6). Let p = 3004 - 2988. What are the prime factors of (-4)/14 - d*p/84?
2, 31
What are the prime factors of (56/(-4) + 6415)*3?
3, 37, 173
Suppose -10*h = 4*h + 5376. List the prime factors of ((-116)/(-16))/((-6)/h).
2, 29
Suppose -40 = 5*k - 250. L